{"id":697,"date":"2021-03-17T18:55:47","date_gmt":"2021-03-17T17:55:47","guid":{"rendered":"http:\/\/cmc.cyclesetsports.free.fr\/?page_id=697"},"modified":"2026-02-21T09:53:44","modified_gmt":"2026-02-21T09:53:44","slug":"le-marquage-des-velos","status":"publish","type":"page","link":"https:\/\/www.cmc-cycles.com\/?page_id=697","title":{"rendered":"Le marquage des v\u00e9los"},"content":{"rendered":"\n<h2 class=\"wp-block-heading\">Le marquage des v\u00e9los devient obligatoire :<\/h2>\n\n\n<div class=\"wp-block-image\">\n<figure class=\"aligncenter size-full is-resized\"><img loading=\"lazy\" decoding=\"async\" width=\"703\" height=\"500\" src=\"https:\/\/www.cmc-cycles.com\/wp-content\/uploads\/2026\/02\/image-4.png\" alt=\"\" class=\"wp-image-1210\" style=\"aspect-ratio:1.4060502038189229;width:335px;height:auto\" srcset=\"https:\/\/www.cmc-cycles.com\/wp-content\/uploads\/2026\/02\/image-4.png 703w, https:\/\/www.cmc-cycles.com\/wp-content\/uploads\/2026\/02\/image-4-300x213.png 300w\" sizes=\"auto, (max-width: 703px) 100vw, 703px\" \/><\/figure>\n<\/div>\n\n\n<h3 class=\"wp-block-heading\"><span style=\"color: #ff0000;\"><strong>Le marquage antivol est effectu\u00e9 par nos soins sur rendez-vous<\/strong> :<\/span><\/h3>\n\n\n\n<h4 class=\"wp-block-heading\"><span style=\"color: #ff0000;\"><a style=\"color: #ff0000;\" href=\"https:\/\/l.facebook.com\/l.php?u=http%3A%2F%2Fwww.cmc-cycles.com%2F%3Ffbclid%3DIwAR2HAxjFhCdTDF4N21R7K7oIYZhTurTiMznSKCi7v2YzguxJ_irifchx6aA&amp;h=AT1pdYe_EONe__pVVq4sdCN9BIAzOZgdnI974eUuMf1_Iiv-1UTtWvOf5BeSkEcuSQy8IX_6a8QkuDtRUsJ4uMzLFJSUk6UwtH9uYn2roEnCOZA9ArKzfQq3gGdZad-uOpPVKW6koyZnHGCyc-p5&amp;__tn__=-UK-R&amp;c%5b0%5d=AT1R6tpoiGhjyP_5cPDuJ0T2YEDl9ujymSkSlImgtc7ydlrj288OE2Nb2YeUab8hVpSHQjHSQzllRNxVKKvGh7uhnT9lJmoLWF4GK7ux-H8zoj_xWsjIQtNhufsz9HtAfL4RocrlghfPwjxNPgy4DW1gLg\">www.cmc-cycles.com<\/a><\/span><\/h4>\n\n\n\n<h3 class=\"wp-block-heading\">Le marquage devient obligatoire<\/h3>\n\n\n\n<p class=\"has-black-color has-luminous-vivid-amber-background-color has-text-color has-background has-link-color wp-elements-09ca7b910a10d73df4018787d187d4a9\">Contre le vol, le marquage des v\u00e9los devient obligatoire en 2021 et inscrit dans un fichier national unique des cycles identifi\u00e9s.<br>Le marquage des v\u00e9los est confi\u00e9 \u00e0 des op\u00e9rateurs agr\u00e9\u00e9s (vendeurs et autres professionnels du secteur).<\/p>\n\n\n\n<p class=\"has-black-color has-luminous-vivid-amber-background-color has-text-color has-background has-link-color wp-elements-f6e2b82fecb230fd2785af7833bd8649\">Ils sont en charge d\u2019une base de donn\u00e9es rassemblant tous les cycles identifi\u00e9s par leurs soins. Pour chaque v\u00e9lo, ils doivent renseigner les informations suivantes :<br>Les donn\u00e9es personnelles du propri\u00e9taire (nom, pr\u00e9nom, t\u00e9l\u00e9phone, adresse \u00e9lectronique) qui seront utiles entre les mains des forces de l\u2019ordre ;<br>Les donn\u00e9es relatives au v\u00e9lo lui-m\u00eame (marque, mod\u00e8le, couleur) ;<br>D\u2019autres donn\u00e9es facultatives concernant l\u2019acqu\u00e9reur (adresse postale, date de naissance, etc.) ou le cycle (num\u00e9ro de s\u00e9rie, etc.).<\/p>\n\n\n\n<p class=\"has-black-color has-luminous-vivid-amber-background-color has-text-color has-background has-link-color wp-elements-a3443495fc869c112770fcf6ca929081\">Cette base de donn\u00e9es est ensuite transmise au gestionnaire du fichier national unique pour \u00eatre stock\u00e9e en s\u00e9curit\u00e9 et utilis\u00e9e \u00e0 tout moment.<br>Ce fichier est notamment accessible aux :<br><em><strong>forces de police et de gendarmerie ;<\/strong><\/em> <em><strong>services des douanes ;<\/strong><\/em> <em><strong>agents de police municipale ;<\/strong><\/em> <em><strong>gardes champ\u00eatres ;<\/strong><\/em> <em><strong>gardiens de fourri\u00e8res ;<\/strong><\/em><br><em><strong>Et \u00e0 toutes personnes, services et organismes contribuant \u00e0 l\u2019identification des cycles. <\/strong><\/em><\/p>\n\n\n\n<p class=\"has-black-color has-luminous-vivid-amber-background-color has-text-color has-background has-link-color wp-elements-2731b65603345d280180f7bcad819db3\">De m\u00eame, tous les usagers peuvent avoir acc\u00e8s au statut du cycle en renseignant dans le fichier national son num\u00e9ro d\u2019identification. Avant l\u2019achat d\u2019un v\u00e9lo d\u2019occasion, le potentiel acqu\u00e9reur sera donc en mesure de v\u00e9rifier s\u2019il fait l&rsquo;objet d&rsquo;une d\u00e9claration de vol.<\/p>\n\n\n\n<h2 class=\"wp-block-heading\"><strong><a href=\"https:\/\/www.youtube.com\/watch?v=oBSbuakwFqM\" target=\"_blank\" rel=\"noreferrer noopener\">APIC \u2013 Association de promotion et d&rsquo;identification des cycles<\/a>&nbsp;<\/strong><\/h2>\n\n\n\n<p><\/p>\n","protected":false},"excerpt":{"rendered":"<p>Le marquage des v\u00e9los devient obligatoire : Le marquage antivol est effectu\u00e9 par nos soins sur rendez-vous : www.cmc-cycles.com Le marquage devient obligatoire Contre le vol, le marquage des v\u00e9los &#8230;<\/p>\n","protected":false},"author":1,"featured_media":1189,"parent":0,"menu_order":0,"comment_status":"closed","ping_status":"closed","template":"","meta":{"footnotes":""},"class_list":["post-697","page","type-page","status-publish","has-post-thumbnail","hentry"],"_links":{"self":[{"href":"https:\/\/www.cmc-cycles.com\/index.php?rest_route=\/wp\/v2\/pages\/697","targetHints":{"allow":["GET"]}}],"collection":[{"href":"https:\/\/www.cmc-cycles.com\/index.php?rest_route=\/wp\/v2\/pages"}],"about":[{"href":"https:\/\/www.cmc-cycles.com\/index.php?rest_route=\/wp\/v2\/types\/page"}],"author":[{"embeddable":true,"href":"https:\/\/www.cmc-cycles.com\/index.php?rest_route=\/wp\/v2\/users\/1"}],"replies":[{"embeddable":true,"href":"https:\/\/www.cmc-cycles.com\/index.php?rest_route=%2Fwp%2Fv2%2Fcomments&post=697"}],"version-history":[{"count":5,"href":"https:\/\/www.cmc-cycles.com\/index.php?rest_route=\/wp\/v2\/pages\/697\/revisions"}],"predecessor-version":[{"id":1211,"href":"https:\/\/www.cmc-cycles.com\/index.php?rest_route=\/wp\/v2\/pages\/697\/revisions\/1211"}],"wp:featuredmedia":[{"embeddable":true,"href":"https:\/\/www.cmc-cycles.com\/index.php?rest_route=\/wp\/v2\/media\/1189"}],"wp:attachment":[{"href":"https:\/\/www.cmc-cycles.com\/index.php?rest_route=%2Fwp%2Fv2%2Fmedia&parent=697"}],"curies":[{"name":"wp","href":"https:\/\/api.w.org\/{rel}","templated":true}]}}