{"id":624,"date":"2020-11-15T15:45:29","date_gmt":"2020-11-15T14:45:29","guid":{"rendered":"http:\/\/cmc.cyclesetsports.free.fr\/?page_id=624"},"modified":"2026-02-21T10:04:29","modified_gmt":"2026-02-21T10:04:29","slug":"achat-en-ligne-clic-and-collect","status":"publish","type":"page","link":"https:\/\/www.cmc-cycles.com\/?page_id=624","title":{"rendered":"Clic &amp; Collect : R\u00e9cup\u00e9rez votre v\u00e9lo en magasin"},"content":{"rendered":"<div class=\"wp-block-image\">\n<figure class=\"aligncenter size-full is-resized\"><img loading=\"lazy\" decoding=\"async\" width=\"626\" height=\"626\" src=\"https:\/\/www.cmc-cycles.com\/wp-content\/uploads\/2026\/02\/image-5.png\" alt=\"\" class=\"wp-image-1216\" style=\"width:307px;height:auto\" srcset=\"https:\/\/www.cmc-cycles.com\/wp-content\/uploads\/2026\/02\/image-5.png 626w, https:\/\/www.cmc-cycles.com\/wp-content\/uploads\/2026\/02\/image-5-300x300.png 300w, https:\/\/www.cmc-cycles.com\/wp-content\/uploads\/2026\/02\/image-5-150x150.png 150w\" sizes=\"auto, (max-width: 626px) 100vw, 626px\" \/><\/figure>\n<\/div>\n\n<h1><span style=\"color: #000080;\"><a style=\"color: #000080;\" href=\"http:\/\/cmc.cyclesetsports.free.fr\/?p=667\">Bosch : <\/a><a style=\"color: #000080;\" href=\"http:\/\/cmc.cyclesetsports.free.fr\/?p=667\">Le clic and Collect est disponible<\/a><\/span><\/h1>\n<hr \/>\n<hr \/>\n<h1><a href=\"https:\/\/www.o2feel.com\/content\/17-documentations\" target=\"_blank\" rel=\"noopener noreferrer\"><span style=\"color: #000080;\">O2feel : (cliquez sur le lien)<\/span><\/a><\/h1>\n<h6><em>Concepteur de v\u00e9los \u00e9lectriques depuis 10 ans<\/em><\/h6>\n<div class=\"wpb_text_column wpb_content_element \">\n<div class=\"wpb_wrapper\">\n<h3><span style=\"color: #000080;\"><strong>SERVICE CLICK &amp; COLLECT &#8211; R\u00e9cup\u00e9rez votre v\u00e9lo en magasin!<\/strong><\/span><\/h3>\n<p>ACHETEZ EN LIGNE ET RECUPEREZ VOTRE ACHAT EN MAGASIN !<\/p>\n<p>Vous venez enfin de trouver le v\u00e9lo \u00e0 assistance \u00e9lectrique que vous vouliez tant. Maintenant, il vous le faut, mais pas le temps de chercher le magasin dans lequel il est disponible et de vous y rendre.<br \/>\nPas d\u2019inqui\u00e9tude, vous pouvez le commander sur notre site internet. Seulement, vous n\u2019\u00eates pas certain d\u2019\u00eatre chez vous au moment o\u00f9 le colis arrivera ? Le Retrait en magasin est fait pour vous !<\/p>\n<\/div>\n<\/div>\n<div class=\"wpb_text_column wpb_content_element \">\n<div class=\"wpb_wrapper\">\n<p><strong><em>\u00ab Chez O2feel chaque acteur de la cha\u00eene de valeur est important. En effet, notre r\u00e9seau de revendeurs est indispensable dans la r\u00e9ussite de notre d\u00e9veloppement, et ce depuis toujours. Il est primordial pour nous qu\u2019un client O2feel b\u00e9n\u00e9ficie de toute l\u2019expertise d\u2019un professionnel agr\u00e9e tout en profitant d\u2019un r\u00e9el contact humain. \u00bb<\/em><\/strong><\/p>\n<\/div>\n<\/div>\n<div class=\"wpb_text_column wpb_content_element \">\n<div class=\"wpb_wrapper\">\n<div><strong>Gr\u00e9goire Brunet, g\u00e9rant-associ\u00e9 O2feel e-Bikes<\/strong><\/div>\n<div>\n<hr \/>\n<\/div>\n<\/div>\n<\/div>\n<hr \/>\n<h1><a href=\"https:\/\/www.cycles-lapierre.fr\/click-and-collect-lapierre-la-solution-en-ligne-depuis-2016?Lapierre&amp;fbclid=IwAR1x8I2iA67mwP1lXwrZnqfwOwIXR6JSojI3PS4GI91-2Nc265S94DkYh3w\" target=\"_blank\" rel=\"noopener\"><span style=\"color: #000080;\"><strong>LAPIERRE : Vente en ligne directe fabricant<\/strong><\/span><\/a><\/h1>\n<h3><span style=\"color: #000080;\"><strong>le \u00ab\u00a0click and collect\u00a0\u00bb<\/strong><\/span><\/h3>\n<p><strong><span style=\"color: #000000;\">Lapierre, marque de cycles depuis 1946, a pris le virage de la vente en ligne directe\u00a0fabricant en 2016, autour d&rsquo;un projet ambitieux en lien avec son r\u00e9seau, le click and collect. S&rsquo;appuyant exclusivement sur son r\u00e9seau de revendeurs compos\u00e9 de plus de 400 magasins en France, la marque Lapierre a\u00a0depuis livr\u00e9\u00a0plusieurs milliers de commandes via ce syst\u00e8me.<\/span><\/strong><\/p>\n<p>Aujourd&rsquo;hui plus encore, ce mod\u00e8le, parfaitement ma\u00eetris\u00e9 par votre fabricant favori, vous permet d&rsquo;anticiper vos achats et de planifier votre passage en magasin pour retirer votre v\u00e9lo en toute simplicit\u00e9. Au-del\u00e0 de cet\u00a0avantage, vous pouvez b\u00e9n\u00e9ficier du service Lapierre, avec une offre de paiement en plusieurs fois sans frais, la disponibilit\u00e9 du stock usine\u00a0en temps r\u00e9el, le conseil d&rsquo;un sp\u00e9cialiste de la marque pour valider votre choix, la garantie Lapierre, et la relation privil\u00e9gi\u00e9e conserv\u00e9e avec votre revendeur.<\/p>\n<p><a href=\"https:\/\/www.cycles-lapierre.fr\/click-and-collect-lapierre-la-solution-en-ligne-depuis-2016?Lapierre&amp;fbclid=IwAR1x8I2iA67mwP1lXwrZnqfwOwIXR6JSojI3PS4GI91-2Nc265S94DkYh3w\" target=\"_blank\" rel=\"noopener noreferrer\">Une vraie ma\u00eetrise du sujet qui montre que depuis 2016, Lapierre a su se mettre \u00e0 l&rsquo;\u00e9coute de ses clients et de son r\u00e9seau (cliquez sur le lien)<\/a><\/p>\n<hr \/>\n<h2><a href=\"https:\/\/www.cycles-bertin.com\/\"><img decoding=\"async\" src=\"https:\/\/www.cycles-bertin.com\/media\/logo\/stores\/1\/ancien_logo_bertin_1.png\" alt=\"Cycles Bertin\" \/><br \/>\nCYCLES BERTIN<\/a><\/h2>\n<h5>nos v\u00e9los<\/h5>\n<h3>Composez votre v\u00e9lo selon vos envies<\/h3>\n<p><strong>D\u00e9couvrez \u00e9galement notre gamme v\u00e9lo tout terrain<\/strong><\/p>\n<p><strong><span style=\"color: #0000ff;\">la mobilit\u00e9 urbaine selon Bertin<\/span><\/strong><\/p>\n<hr \/>\n<hr \/>","protected":false},"excerpt":{"rendered":"<p>Bosch : Le clic and Collect est disponible O2feel : (cliquez sur le lien) Concepteur de v\u00e9los \u00e9lectriques depuis 10 ans SERVICE CLICK &amp; COLLECT &#8211; R\u00e9cup\u00e9rez votre v\u00e9lo en &#8230;<\/p>\n","protected":false},"author":1,"featured_media":1218,"parent":0,"menu_order":0,"comment_status":"closed","ping_status":"closed","template":"","meta":{"footnotes":""},"class_list":["post-624","page","type-page","status-publish","has-post-thumbnail","hentry"],"_links":{"self":[{"href":"https:\/\/www.cmc-cycles.com\/index.php?rest_route=\/wp\/v2\/pages\/624","targetHints":{"allow":["GET"]}}],"collection":[{"href":"https:\/\/www.cmc-cycles.com\/index.php?rest_route=\/wp\/v2\/pages"}],"about":[{"href":"https:\/\/www.cmc-cycles.com\/index.php?rest_route=\/wp\/v2\/types\/page"}],"author":[{"embeddable":true,"href":"https:\/\/www.cmc-cycles.com\/index.php?rest_route=\/wp\/v2\/users\/1"}],"replies":[{"embeddable":true,"href":"https:\/\/www.cmc-cycles.com\/index.php?rest_route=%2Fwp%2Fv2%2Fcomments&post=624"}],"version-history":[{"count":2,"href":"https:\/\/www.cmc-cycles.com\/index.php?rest_route=\/wp\/v2\/pages\/624\/revisions"}],"predecessor-version":[{"id":1219,"href":"https:\/\/www.cmc-cycles.com\/index.php?rest_route=\/wp\/v2\/pages\/624\/revisions\/1219"}],"wp:featuredmedia":[{"embeddable":true,"href":"https:\/\/www.cmc-cycles.com\/index.php?rest_route=\/wp\/v2\/media\/1218"}],"wp:attachment":[{"href":"https:\/\/www.cmc-cycles.com\/index.php?rest_route=%2Fwp%2Fv2%2Fmedia&parent=624"}],"curies":[{"name":"wp","href":"https:\/\/api.w.org\/{rel}","templated":true}]}}